ultiple of 51?
True
Does 7 divide 35?
True
Does 16 divide 31952?
True
Is 10 a factor of 1150?
True
Is 4 a factor of 2539?
False
Is 45 even?
False
Is 32 a factor of 320?
True
Is 62244 a multiple of 270?
False
Does 9 divide 5280?
False
Is 87 a factor of 481?
False
Is 1786 a multiple of 17?
False
Does 8 divide 5376?
True
Does 89 divide 7720?
False
Is 11189 a multiple of 193?
False
Does 21 divide 3025?
False
Is 166 a multiple of 67?
False
Does 12 divide 1008?
True
Is 58 a factor of 943?
False
Is 2910 a multiple of 11?
False
Is 4 a factor of 34060?
True
Does 11 divide 1284?
False
Is 639 a multiple of 6?
False
Is 41 a factor of 116?
False
Does 3 divide 23?
False
Does 13 divide 3153?
False
Does 18 divide 613?
False
Does 5 divide 1501?
False
Does 90 divide 1080?
True
Does 113 divide 572?
False
Is 25312 a multiple of 56?
True
Does 5 divide 131?
False
Is 69 a multiple of 16?
False
Is 78 a factor of 11094?
False
Is 193088 a multiple of 14?
True
Does 22 divide 71126?
True
Is 470 a multiple of 55?
False
Is 8 a multiple of 4?
True
Is 77 a multiple of 7?
True
Does 22 divide 8379?
False
Does 56 divide 4368?
True
Is 72 a factor of 1152?
True
Is 432 a multiple of 16?
True
Is 793 a multiple of 6?
False
Is 17894 a multiple of 11?
False
Is 9217 a multiple of 85?
False
Is 92 a factor of 10304?
True
Does 149 divide 8781?
False
Is 2984 a multiple of 86?
False
Is 1070 a multiple of 60?
False
Does 34 divide 1822?
False
Does 74 divide 8755?
False
Is 72950 a multiple of 50?
True
Does 3 divide 1536?
True
Does 11 divide 1122?
True
Does 175 divide 80756?
False
Is 4880 a multiple of 20?
True
Is 8474 a multiple of 52?
False
Is 65 a multiple of 5?
True
Does 37 divide 5143?
True
Is 950 a multiple of 45?
False
Does 26 divide 26?
True
Is 733 a multiple of 7?
False
Is 10 a factor of 382?
False
Does 5 divide 1091?
False
Is 9 a factor of 801?
True
Is 47 a factor of 18847?
True
Does 60 divide 6432?
False
Does 13 divide 819?
True
Is 6 a factor of 4776?
True
Does 37 divide 36870?
False
Is 5 a factor of 745?
True
Does 8 divide 118?
False
Is 3696 a multiple of 22?
True
Does 30 divide 930?
True
Is 17 a factor of 476?
True
Is 28 a factor of 56516?
False
Is 4846 a multiple of 9?
False
Does 4 divide 86?
False
Is 106 a factor of 9010?
True
Does 78 divide 9179?
False
Is 17 a factor of 3179?
True
Does 16 divide 1815?
False
Is 28 a factor of 1247?
False
Does 72 divide 83016?
True
Is 111 a factor of 5714?
False
Is 36469 a multiple of 29?
False
Is 3560 a multiple of 8?
True
Is 6505 a multiple of 61?
False
Is 31 a factor of 9052?
True
Is 16841 a multiple of 31?
False
Is 50 a factor of 17143?
False
Does 308 divide 52109?
False
Is 15 a factor of 360?
True
Is 97 a factor of 2231?
True
Is 30725 a multiple of 5?
True
Is 81 a factor of 81?
True
Is 405 a multiple of 6?
False
Is 12 a factor of 44076?
True
Is 461 a multiple of 20?
False
Does 29 divide 1817?
False
Is 1229 a multiple of 11?
False
Is 15 a factor of 1411?
False
Does 32 divide 14816?
True
Does 144 divide 72864?
True
Does 98 divide 4312?
True
Does 11 divide 1628?
True
Is 3 a factor of 5496?
True
Is 2 a factor of 78?
True
Does 36 divide 1236?
False
Is 16 a factor of 3834?
False
Does 9 divide 63056?
False
Is 11 a factor of 4374?
False
Does 74 divide 17877?
False
Is 21474 a multiple of 9?
True
Is 1537 a multiple of 6?
False
Does 5 divide 10?
True
Is 139 a factor of 10425?
True
Is 15644 a multiple of 77?
False
Is 17281 a multiple of 9?
False
Does 25 divide 5150?
True
Does 23 divide 9476?
True
Does 32 divide 10577?
False
Is 6 a factor of 456?
True
Is 1637 a multiple of 17?
False
Is 9 a factor of 153?
True
Is 3 a factor of 946?
False
Is 32206 a multiple of 19?
False
Does 32 divide 4996?
False
Is 27 a factor of 1184?
False
Is 56 a factor of 6233?
False
Does 54 divide 1026?
True
Is 16 a factor of 3419?
False
Is 987 a multiple of 60?
False
Does 18 divide 5328?
True
Is 11 a factor of 1542?
False
Is 22 a factor of 29413?
False
Is 22 a factor of 2418?
False
Does 12 divide 986?
False
Is 29 a factor of 10684?
False
Does 64 divide 34432?
True
Is 1360 a multiple of 20?
True
Does 53 divide 32701?
True
Is 6 a factor of 3942?
True
Is 3565 a multiple of 57?
False
Does 31 divide 626?
False
Is 64 a factor of 24391?
False
Is 175 a factor of 75112?
False
Is 26 a factor of 1620?
False
Is 14057 a multiple of 156?
False
Is 14 a factor of 398?
False
Is 21757 a multiple of 250?
False
Is 75 a multiple of 3?
True
Is 84 a multiple of 38?
False
Does 11 divide 1353?
True
Does 139 divide 30869?
False
Is 18 a factor of 576?
True
Is 5 a factor of 5068?
False
Does 36 divide 938?
False
Does 12 divide 248?
False
Is 78 a multiple of 5?
False
Is 31863 a multiple of 19?
True
Is 360 a multiple of 15?
True
Is 18 a factor of 1943?
False
Is 2926 a multiple of 45?
False
Is 66 a factor of 330?
True
Is 59 a factor of 147856?
False
Is 10028 a multiple of 46?
True
Does 9 divide 12821?
False
Does 23 divide 828?
True
Is 816 a multiple of 17?
True
Does 15 divide 29760?
True
Is 342 a multiple of 57?
True
Is 10366 a multiple of 146?
True
Does 4 divide 297?
False
Is 14050 a multiple of 160?
False
Is 4907 a multiple of 18?
False
Does 16 divide 1808?
True
Is 9870 a multiple of 282?
True
Does 19 divide 3211?
True
Does 7 divide 392?
True
Does 76 divide 1748?
True
Does 2 divide 74?
True
Is 23 a factor of 2486?
False
Is 10 a factor of 3300?
True
Is 210 a multiple of 30?
True
Does 44 divide 1672?
True
Is 112 a factor of 1785?
False
Is 4 a factor of 546?
False
Does 12 divide 454?
False
Is 35 a factor of 58792?
False
Does 24 divide 696?
True
Does 51 divide 3155?
False
Is 17 a factor of 1007?
False
Is 34785 a multiple of 203?
False
Is 17 a factor of 170?
True
Is 17472 a multiple of 168?
True
Is 5220 a multiple of 30?
True
Is 670 a multiple of 67?
True
Is 6 a factor of 1464?
True
Is 176 a factor of 80475?
False
Does 27 divide 891?
True
Is 41 a factor of 2539?
False
Does 36 divide 568?
False
Is 99 a factor of 36729?
True
Is 2920 a multiple of 40?
True
Is 6 a factor of 1257?
False
Is 1484 a multiple of 14?
True
Is 47 a factor of 3948?
True
Does 14 divide 10738?
True
Does 42 divide 37125?
False
Is 8580 a multiple of 66?
True
Is 83500 a multiple of 20?
True
Is 690 a multiple of 10?
True
Is 1150 a multiple of 21?
False
Is 4060 a multiple of 60?
False
Is 130 a multiple of 3?
False
Is 315 a multiple of 2?
False
Is 61140 a multiple of 20?
True
Does 54 divide 270?
True
Does 122 divide 9480?
False
Does 176 divide 70400?
True
Is 95 a factor of 3135?
True
Is 25968 a multiple of 13?
False
Is 944 a multiple of 16?
True
Is 10 a factor of 780?
True
Is 35 a factor of 1040?
False
Does 48 divide 75102?
False
Is 4 a factor of 984?
True
Is 14 a factor of 9479?
False
Is 101884 a multiple of 429?
False
Does 16 divide 5536?
True
Does 4 divide 27300?
True
Does 12 divide 37628?
False
Is 763 a multiple of 23?
False
Does 33 divide 297?
True
Does 39 divide 44360?
False
Is 9 a factor of 3870?
True
Is 1693 a multiple of 53?
False
Is 62 a factor of 1797?
False
Does 78 divide 8346?
True
Does 21 divide 630?
True
Does 6 divide 3882?
True
Is 14 a factor of 20412?
True
Is 37 a multiple of 22?
False
Is 270 a multiple of 30?
True
Is 923 a multiple of 13?
True
Does 48 divide 1041?
False
Does 76 divide 37164?
True
Is 56 a factor of 1450?
False
Is 9 a factor of 1566?
True
Is 57 a factor of 8657?
False
Does 14 divide 8516?
False
Does 5 divide 1330?
True
Does 115 divide 1610?
True
Is 182 a multiple of 7?
True
Is 15 a factor of 1500?
True
Is 589 a multiple of 79?
False
Is 38 a factor of 7638?
True
Is 28 a factor of 1764?
True
Is 213 a factor of 28156?
False
Is 49 a factor of 55223?
True
Does 16 divide 53712?
True
Does 7 divide 5022?
False
Does 80 divide 88177?
False
Is 476 a multiple of 10?
False
Is 9 a factor of 414?
True
Is 12 a factor of 14796?
True
Does 6 divide 709?
False
Is 17 a factor of 8725?
False
Is 29 a factor of 5174?
False
Is 3910 a multiple of 115?
True
Does 5 divide 19570?
True
Does 83 divide 11000?
False
Is 129053 a multiple of 23?
True
Does 41 divide 4200?
False
Does 4 divide 64?
True
Does 233 divide 58250?
True
Is 13 a factor of 3302?
True
Is 15 a factor of 503?
False
Does 59 divide 38918?
False
Is 291 a multiple of 3?
True
Does 139 divide 29697?
False
Is 100 a multiple of 2?
True
Does 6 divide 3756?
True
Is 982 a multiple of 5?
False
